s the highest common divisor of 40 and v?
8
Let f be 1 + (0 - -2) + 9. Let a be (-20)/(-6)*(-18)/(-5). Calculate the greatest common divisor of a and f.
12
Let v(s) = -s + 32. Let t be v(10). What is the highest common factor of 88 and t?
22
Let c be 1 - (-9 - (4 + -1)). What is the greatest common factor of c and 26?
13
Suppose 3*z = -2*h + 10, 0*h + 3*h = -4*z + 15. Suppose h - 1 = 2*g. Calculate the highest common factor of g and 4.
2
Let n be (-58)/(-5)*15/6. What is the highest common divisor of 29 and n?
29
Suppose 7*y + 151 = 2*v + 4*y, -15 = -5*y. What is the greatest common divisor of v and 32?
16
Let a(l) = -l - 6. Let x be a(-6). Suppose 3*f = -3*k + 196 + 3041, -2*f + 6 = x. Let s be k/10 + (-4)/(-10). What is the highest common divisor of s and 12?
12
Suppose -x + 143 = 3*w, w + 4*x = 8 + 36. Calculate the greatest common factor of w and 8.
8
Let f(u) = -u**3 - 11*u**2 + 10*u - 10. Let j be 6/(-33) + 130/(-11). Let r be f(j). Calculate the highest common divisor of 21 and r.
7
Let q = 163 - 135. Let o(v) = v**3 - 5*v**2 + 7*v - 8. Let l be o(6). What is the highest common divisor of l and q?
14
Let m(d) be the second derivative of -7/2*d**3 + 2*d - 1/2*d**2 + 0. Let n be m(-1). Calculate the greatest common factor of n and 40.
20
Let y(j) = j + 7. Let d be y(13). Suppose -8*c = -3*c - d. Let t(q) = -q**3 - 6*q**2 - 7*q - 2. Let k be t(-5). Calculate the greatest common factor of k and c.
4
Let d be ((-1)/(-3))/((-2)/(-42)). Suppose -2*g = -d*g + 120. Let q be ((-9)/(-2))/(6/80). Calculate the greatest common factor of g and q.
12
Let i be 182/10 - (1 + (-4)/5). Calculate the greatest common divisor of 198 and i.
18
Suppose 0 = 3*s - 4*r - 23, -3*r = -5*s + 16 + 15. Let z(u) = 2*u - 7. Let v be z(s). Let a = -22 - -55. Calculate the greatest common factor of v and a.
3
Let d(l) = l**2 - 5. Let g be d(-5). What is the highest common divisor of g and 220?
20
Let y be 8/6*(5 - (1 - 2)). What is the greatest common factor of y and 104?
8
Let z = -43 - -142. What is the highest common divisor of 22 and z?
11
Let z(b) = 10*b**2 + 4*b + 4. Let m be z(-2). What is the highest common divisor of 18 and m?
18
Let i(x) = -x + 8. Let q be i(-22). What is the highest common factor of q and 20?
10
Let l = 29 + -18. Let r = 1 + 32. What is the highest common divisor of l and r?
11
Let j(m) = -4*m**3 + 4*m**2 - 5*m - 1. Let l be j(4). Let q = l - -384. What is the highest common divisor of 19 and q?
19
Suppose 2*i - 10 = 0, 5*k = 4*i - i + 50. Let p be (-1)/(-6) + 778/12. Calculate the greatest common divisor of p and k.
13
Let l be -1 + (2/(-2) - -10). Let a = -29 + 61. Calculate the highest common divisor of a and l.
8
Suppose -5*k + 8*k = 33. What is the greatest common divisor of k and 55?
11
Let r = 24 + -14. Let x(b) = b - 2. Let p be x(7). Suppose 3*d = p*s - 7, 2*d + 7 = 4*s + 1. Calculate the highest common divisor of d and r.
1
Suppose -m = -3*m + 44. Calculate the greatest common divisor of 242 and m.
22
Let x(f) = -f + 8. Let y be x(-9). Calculate the greatest common factor of 17 and y.
17
Let x be 1/(-4) - (-1089)/36. Calculate the greatest common divisor of x and 6.
6
Suppose -17*g + 3*g = -602. What is the highest common divisor of 215 and g?
43
Let z = 124 - 69. Suppose -11 = -a - 0*a. Calculate the highest common factor of z and a.
11
Let m be (0 - 0) + 7*5. Suppose 0 = 3*r - 1 - 8. Let t = 2 + r. What is the greatest common factor of m and t?
5
Suppose -8*r + 77 = 3*r. What is the greatest common divisor of r and 7?
7
Let j = -16 - -30. Let c = -3 + j. What is the highest common divisor of 55 and c?
11
Let u(s) = 4*s - 9. Let m be u(8). Suppose -7*c + 2*c + 25 = 0, -5*c - m = -4*i. What is the highest common divisor of i and 108?
12
Let x be -2 + 7*(-8)/(-4). What is the greatest common divisor of x and 12?
12
Suppose -4*r + 3*a - a = -438, 2*r - 4*a = 216. Suppose -8*i + r = -3*i. Calculate the highest common divisor of i and 44.
22
Suppose -3*r = -9 - 24. Calculate the highest common factor of 11 and r.
11
Let m(o) = -o**3 + 9*o**2 + 11*o - 10. Let d be m(10). Suppose d = -0*z + 6*z - 84. Let c = -4 + 6. What is the highest common divisor of c and z?
2
Let b = -7 + 61. Calculate the greatest common factor of 6 and b.
6
Let j(x) = 5*x + 4*x - 6 + 0*x. Let u be j(6). Calculate the highest common factor of 12 and u.
12
Let u(m) = 2*m. Let k be u(3). Let g(o) be the second derivative of o**4/4 - o**3 + 9*o**2/2 - o. Let x be g(k). What is the highest common divisor of x and 9?
9
Suppose 3*c + 0 + 7 = -5*o, -5*o + 5*c = -25. Suppose -5*g = 32 + 98. Let w be 1 - (2 - o)*g. Calculate the highest common factor of 18 and w.
9
Suppose 33*u - 35*u + 108 = 0. Suppose 53 - 17 = m. What is the highest common divisor of u and m?
18
Let a(t) = -t**3 + 8*t**2 + 11*t + 7. Let p be a(9). What is the greatest common factor of p and 200?
25
Suppose 25 = 3*z - 11. Suppose -z = -p - 2*p. What is the highest common factor of p and 32?
4
Let j be 1*24/2 - -2. Let u be (-1)/((-45)/42 + 0 + 1). What is the highest common factor of u and j?
14
Let a(l) be the third derivative of l**4/4 - 4*l**3/3 + 2*l**2. Let w be a(7). What is the highest common factor of w and 17?
17
Suppose n + n - 4 = 0. Suppose -n*i + 3*i = 44. What is the highest common divisor of 4 and i?
4
Suppose -25 = -i - 4*i. Let x(r) = -r**3 - 6*r**2 - 4*r - 9. Let l be x(-6). Calculate the greatest common factor of l and i.
5
Let f = -12 + 17. Suppose f*r = 6*r - 75. Calculate the greatest common factor of 15 and r.
15
Let y(z) = z**3 + 5*z**2 - z - 3. Let m be y(-5). Suppose -m*j = -5*j + 360. Calculate the greatest common divisor of 15 and j.
15
Let f be 1 - (-31)/2*2. Suppose 4*m - m = 279. Suppose -3*k + m = -51. What is the greatest common divisor of k and f?
16
Let r(a) = a**3 + 11*a**2 + 9*a - 6. Let l be r(-10). Suppose l*w - 23 + 3 = 0. What is the highest common factor of 25 and w?
5
Let p(w) = -17*w + 153. Let r be p(0). Calculate the highest common divisor of 9 and r.
9
Let m be (-114)/(-8)*(-40)/(-15). Let t(z) = z**3 + 2*z**2 - 1. Let g be t(1). Let o be m + g + 6/3. Calculate the greatest common factor of 7 and o.
7
Let q be -6*(4 + (-10)/4). Let h(j) = j**3 + 10*j**2 + 7*j + 10. Let t be h(q). Calculate the highest common factor of 196 and t.
28
Let o(n) = n**2 + 9*n - 8. Let j be o(-10). Calculate the greatest common divisor of j and 22.
2
Let n(j) = 5*j**2 - j - 2. Let d be n(-1). Suppose -4*w = -d*k + 14 + 10, 0 = 3*k + 4*w - 46. Calculate the greatest common divisor of k and 80.
10
Let s(g) = g**3 + 6*g**2 + 4*g - 5. Let l be s(-5). Suppose -2*w = h - l*h - 1, 3*w + 4*h = -6. What is the highest common divisor of 10 and w?
2
Suppose -10*p + 1500 = -0*p. Calculate the highest common divisor of p and 30.
30
Let q(l) = -l**3 - 5*l**2 - 3*l - 7. Let h be q(-7). What is the greatest common factor of h and 16?
16
Let u = 131 + 83. Suppose -3*t + u = 88. Calculate the highest common factor of t and 63.
21
Suppose -2*f + 0 = 2. Let u be (3/(-6))/(f/90). Let q(j) = -4*j + 1. Let s be q(-1). What is the greatest common factor of u and s?
5
Suppose -s - 4*s - 140 = -a, -20 = 5*s. What is the highest common divisor of 24 and a?
24
Let h = -40 - -56. Suppose 0 = 2*s + 4*w - 152, 5*s - 5*w = -33 + 443. What is the greatest common factor of s and h?
16
Let b(c) = -c**3 + 14*c**2 + 16*c + 18. Let o be b(14). Let k be (-4)/(-6) - (-64)/3. What is the highest common factor of k and o?
22
Suppose 2*x = -0*x + 432. Let a = 40 + -16. Calculate the highest common factor of x and a.
24
Let v(l) = 4*l - 16. Let f be v(9). What is the greatest common factor of 80 and f?
20
Suppose 5*x = -0*x + 280. Let c(s) = -3*s - 8. Let k be c(-2). Let a be (x/(-16))/(k/4). Calculate the greatest common divisor of a and 14.
7
Let u be (2/2 - 3)*2. Let f be u/10 - 42/(-5). Calculate the greatest common divisor of f and 1.
1
Let g be (-22)/(-5) - (-8)/(-20). Suppose -g*k - 4*j + 68 = 0, 2*k - 75 = -k + 5*j. What is the greatest common divisor of 5 and k?
5
Let u be 18/45 - (3224/(-10))/4. What is the greatest common factor of u and 9?
9
Suppose 5 = 5*g, k + 9 = 3*k + g. Suppose -3*c + k*j = -56, -5*c + 0*c = 4*j - 136. Calculate the highest common factor of c and 16.
8
Suppose -5*c = 3*l - 904, -2*c - 316 =